nder when 241692 is divided by 131?
128
What is the remainder when 4494 is divided by 368?
78
What is the remainder when 21206 is divided by 1234?
228
What is the remainder when 42613 is divided by 148?
137
Calculate the remainder when 46616 is divided by 259.
255
What is the remainder when 511 is divided by 13?
4
Calculate the remainder when 15081 is divided by 32.
9
Calculate the remainder when 1308 is divided by 119.
118
Calculate the remainder when 191252 is divided by 95586.
80
Calculate the remainder when 4287 is divided by 851.
32
Calculate the remainder when 189907 is divided by 529.
525
What is the remainder when 67594 is divided by 133?
30
Calculate the remainder when 1624 is divided by 43.
33
What is the remainder when 11895 is divided by 3953?
36
What is the remainder when 9357 is divided by 268?
245
What is the remainder when 60295 is divided by 118?
115
Calculate the remainder when 1660 is divided by 259.
106
Calculate the remainder when 1444 is divided by 82.
50
What is the remainder when 8450 is divided by 244?
154
Calculate the remainder when 3247 is divided by 358.
25
Calculate the remainder when 23084 is divided by 11526.
32
What is the remainder when 73135 is divided by 29?
26
What is the remainder when 4886 is divided by 4886?
0
Calculate the remainder when 2893 is divided by 87.
22
What is the remainder when 2369 is divided by 123?
32
Calculate the remainder when 4832 is divided by 79.
13
What is the remainder when 173873 is divided by 389?
379
Calculate the remainder when 3051 is divided by 2399.
652
What is the remainder when 7313 is divided by 14?
5
Calculate the remainder when 12094 is divided by 1007.
10
Calculate the remainder when 11641 is divided by 684.
13
What is the remainder when 4612 is divided by 1532?
16
Calculate the remainder when 346605 is divided by 48.
45
What is the remainder when 208991 is divided by 168?
167
Calculate the remainder when 1994 is divided by 1964.
30
What is the remainder when 1360 is divided by 85?
0
What is the remainder when 5040 is divided by 29?
23
Calculate the remainder when 39493 is divided by 13.
12
What is the remainder when 17571 is divided by 81?
75
Calculate the remainder when 18098 is divided by 22.
14
What is the remainder when 74930 is divided by 13?
11
What is the remainder when 43763 is divided by 3975?
38
Calculate the remainder when 329955 is divided by 30.
15
Calculate the remainder when 1585 is divided by 188.
81
Calculate the remainder when 9321 is divided by 12.
9
Calculate the remainder when 32067 is divided by 13.
9
What is the remainder when 233415 is divided by 358?
357
Calculate the remainder when 29779 is divided by 102.
97
What is the remainder when 73160 is divided by 163?
136
Calculate the remainder when 1708 is divided by 216.
196
Calculate the remainder when 12314 is divided by 508.
122
What is the remainder when 62522 is divided by 20807?
101
What is the remainder when 25855 is divided by 496?
63
Calculate the remainder when 4631 is divided by 2279.
73
What is the remainder when 8790 is divided by 1750?
40
Calculate the remainder when 2960 is divided by 658.
328
What is the remainder when 7899 is divided by 578?
385
What is the remainder when 40116 is divided by 295?
291
What is the remainder when 146920 is divided by 521?
519
What is the remainder when 66729 is divided by 4761?
75
Calculate the remainder when 7567 is divided by 4.
3
Calculate the remainder when 2815 is divided by 149.
133
What is the remainder when 3635 is divided by 154?
93
What is the remainder when 56444 is divided by 8039?
171
Calculate the remainder when 590961 is divided by 196983.
12
What is the remainder when 14942 is divided by 318?
314
Calculate the remainder when 108139 is divided by 778.
775
What is the remainder when 4149 is divided by 109?
7
Calculate the remainder when 16485 is divided by 84.
21
Calculate the remainder when 108986 is divided by 524.
518
Calculate the remainder when 3441 is divided by 3432.
9
Calculate the remainder when 93876 is divided by 2182.
50
Calculate the remainder when 3404 is divided by 367.
101
Calculate the remainder when 460719 is divided by 443.
442
What is the remainder when 37096 is divided by 6179?
22
Calculate the remainder when 155390 is divided by 77681.
28
Calculate the remainder when 7332 is divided by 287.
157
Calculate the remainder when 4401 is divided by 138.
123
What is the remainder when 117743 is divided by 327?
23
Calculate the remainder when 10546 is divided by 3499.
49
Calculate the remainder when 22444 is divided by 3704.
220
What is the remainder when 7854 is divided by 2559?
177
What is the remainder when 98166 is divided by 525?
516
Calculate the remainder when 22790 is divided by 155.
5
Calculate the remainder when 1345 is divided by 1328.
17
What is the remainder when 1046 is divided by 929?
117
What is the remainder when 16403 is divided by 1366?
11
What is the remainder when 46788 is divided by 75?
63
What is the remainder when 41569 is divided by 5189?
57
What is the remainder when 87334 is divided by 7276?
22
Calculate the remainder when 3540 is divided by 14.
12
What is the remainder when 5287 is divided by 879?
13
Calculate the remainder when 514 is divided by 66.
52
Calculate the remainder when 19312 is divided by 284.
0
Calculate the remainder when 3938 is divided by 785.
13
Calculate the remainder when 14256 is divided by 476.
452
Calculate the remainder when 376357 is divided by 221.
215
Calculate the remainder when 576864 is divided by 1021.
1020
Calculate the remainder when 1790 is divided by 280.
110
Calculate the remainder when 5466 is divided by 170.
26
What is the remainder when 431211 is divided by 57?
6
Calculate the remainder when 142167 is divided by 6.
3
Calculate the remainder when 20754 is divided by 376.
74
Calculate the remainder when 9392 is divided by 198.
86
Calculate the remainder when 195838 is divided by 72.
70
What is the remainder when 13270 is divided by 282?
16
What is the remainder when 22558 is divided by 1524?
1222
What is the remainder when 39224 is divided by 61?
1
Calculate the remainder when 20419 is divided by 249.
1
Calculate the remainder when 282070 is divided by 49.
26
Calculate the remainder when 3478 is divided by 117.
85
What is the remainder when 558606 is divided by 236?
230
Calculate the remainder when 32852 is divided by 1501.
1331
Calculate the remainder when 9600 is divided by 4734.
132
What is the remainder when 393141 is divided by 10920?
21
What is the remainder when 31621 is divided by 15807?
7
What is the remainder when 60519 is divided by 30254?
11
What is the remainder when 19065 is divided by 296?
121
What is the remainder when 170913 is divided by 38?
27
What is the remainder when 94243 is divided by 34?
29
What is the remainder when 44625 is divided by 31?
16
What is the remainder when 3509 is divided by 874?
13
Calculate the remainder when 2549 is divided by 202.
125
What is the remainder when 66280 is divided by 34?
14
Calculate the remainder when 8878 is divided by 1103.
54
What is the remainder when 46656 is divided by 97?
96
Calculate the remainder when 406840 is divided by 208.
200
What is the remainder when 52739 is divided by 1198?
27
Calculate the remainder when 94077 is divided by 2.
1
Calculate the remainder when 47869 is divided by 64.
61
What is the remainder when 5310 is divided by 44?
30
Calculate the remainder when 7611 is divided by 169.
6
Calculate the remainder when 1398 is divided by 183.
117
Calculate the remainder when 2939 is divided by 1438.
63
Calculate the remainder when 11418 is divided by 2283.
3
What is the remainder when 5500 is divided by 94?
48
What is the remainder when 7783 is divided by 870?
823
What is the remainder when 416 is divided by 93?
44
Calculate the remainder when 9915 is divided by 1238.
11
What is the remainder when 10687 is divided by 99?
94
What is the remainder when 77339 is divided by 175?
164
What is the remainder when 53722 is divided by 5?
2
What is the remainder when 22499 is divided by 55?
4
Calculate the remainder when 759 is divided by 395.
364
Calculate the remainder when 5595 is divided by 175.
170
Calculate the remainder when 19418 is divided by 6468.
14
What is the remainder when 299